[INFO] fetching crate snarkvm-marlin 0.2.2...
[INFO] building snarkvm-marlin-0.2.2 against master#ff34b919075f35a1787659e9c448a34b06bab8de for issue-85264
[INFO] extracting crate snarkvm-marlin 0.2.2 into /workspace/builds/worker-12/source
[INFO] validating manifest of crates.io crate snarkvm-marlin 0.2.2 on toolchain ff34b919075f35a1787659e9c448a34b06bab8de
[INFO] running `Command { std: "/workspace/cargo-home/bin/cargo" "+ff34b919075f35a1787659e9c448a34b06bab8de" "metadata" "--manifest-path" "Cargo.toml" "--no-deps", kill_on_drop: false }`
[INFO] started tweaking crates.io crate snarkvm-marlin 0.2.2
[INFO] finished tweaking crates.io crate snarkvm-marlin 0.2.2
[INFO] tweaked toml for crates.io crate snarkvm-marlin 0.2.2 written to /workspace/builds/worker-12/source/Cargo.toml
[INFO] running `Command { std: "/workspace/cargo-home/bin/cargo" "+ff34b919075f35a1787659e9c448a34b06bab8de" "generate-lockfile" "--manifest-path" "Cargo.toml" "-Zno-index-update", kill_on_drop: false }`
[INFO] running `Command { std: "/workspace/cargo-home/bin/cargo" "+ff34b919075f35a1787659e9c448a34b06bab8de" "fetch" "--manifest-path" "Cargo.toml", kill_on_drop: false }`
[INFO] [stderr]     Blocking waiting for file lock on package cache
[INFO] running `Command { std: "docker" "create" "-v" "/var/lib/crater-agent-workspace/builds/worker-12/target:/opt/rustwide/target:rw,Z" "-v" "/var/lib/crater-agent-workspace/builds/worker-12/source:/opt/rustwide/workdir:ro,Z" "-v" "/var/lib/crater-agent-workspace/cargo-home:/opt/rustwide/cargo-home:ro,Z" "-v" "/var/lib/crater-agent-workspace/rustup-home:/opt/rustwide/rustup-home:ro,Z" "-e" "SOURCE_DIR=/opt/rustwide/workdir" "-e" "CARGO_TARGET_DIR=/opt/rustwide/target" "-e" "CARGO_HOME=/opt/rustwide/cargo-home" "-e" "RUSTUP_HOME=/opt/rustwide/rustup-home" "-w" "/opt/rustwide/workdir" "-m" "1610612736" "--user" "0:0" "--network" "none" "ghcr.io/rust-lang/crates-build-env/linux@sha256:20528e8c29e4536546f0102ce88568b16ea7538393a33fcca951030f7af10457" "/opt/rustwide/cargo-home/bin/cargo" "+ff34b919075f35a1787659e9c448a34b06bab8de" "metadata" "--no-deps" "--format-version=1", kill_on_drop: false }`
[INFO] [stdout] 62562904ed3074d9c5330228400903fcc035d068f79836523d9ad831b09ac6de
[INFO] [stderr] WARNING: Your kernel does not support swap limit capabilities or the cgroup is not mounted. Memory limited without swap.
[INFO] running `Command { std: "docker" "start" "-a" "62562904ed3074d9c5330228400903fcc035d068f79836523d9ad831b09ac6de", kill_on_drop: false }`
[INFO] running `Command { std: "docker" "inspect" "62562904ed3074d9c5330228400903fcc035d068f79836523d9ad831b09ac6de", kill_on_drop: false }`
[INFO] running `Command { std: "docker" "rm" "-f" "62562904ed3074d9c5330228400903fcc035d068f79836523d9ad831b09ac6de", kill_on_drop: false }`
[INFO] [stdout] 62562904ed3074d9c5330228400903fcc035d068f79836523d9ad831b09ac6de
[INFO] running `Command { std: "docker" "create" "-v" "/var/lib/crater-agent-workspace/builds/worker-12/target:/opt/rustwide/target:rw,Z" "-v" "/var/lib/crater-agent-workspace/builds/worker-12/source:/opt/rustwide/workdir:ro,Z" "-v" "/var/lib/crater-agent-workspace/cargo-home:/opt/rustwide/cargo-home:ro,Z" "-v" "/var/lib/crater-agent-workspace/rustup-home:/opt/rustwide/rustup-home:ro,Z" "-e" "SOURCE_DIR=/opt/rustwide/workdir" "-e" "CARGO_TARGET_DIR=/opt/rustwide/target" "-e" "CARGO_INCREMENTAL=0" "-e" "RUST_BACKTRACE=full" "-e" "RUSTFLAGS=--cap-lints=forbid" "-e" "CARGO_HOME=/opt/rustwide/cargo-home" "-e" "RUSTUP_HOME=/opt/rustwide/rustup-home" "-w" "/opt/rustwide/workdir" "-m" "1610612736" "--user" "0:0" "--network" "none" "ghcr.io/rust-lang/crates-build-env/linux@sha256:20528e8c29e4536546f0102ce88568b16ea7538393a33fcca951030f7af10457" "/opt/rustwide/cargo-home/bin/cargo" "+ff34b919075f35a1787659e9c448a34b06bab8de" "build" "--frozen" "--message-format=json", kill_on_drop: false }`
[INFO] [stdout] f042a21c9eb9c425f77e459ccc7ef2f11e48fb994f477414d651ff2700c1c1e0
[INFO] [stderr] WARNING: Your kernel does not support swap limit capabilities or the cgroup is not mounted. Memory limited without swap.
[INFO] running `Command { std: "docker" "start" "-a" "f042a21c9eb9c425f77e459ccc7ef2f11e48fb994f477414d651ff2700c1c1e0", kill_on_drop: false }`
[INFO] [stderr]    Compiling typenum v1.13.0
[INFO] [stderr]    Compiling lazy_static v1.4.0
[INFO] [stderr]    Compiling opaque-debug v0.3.0
[INFO] [stderr]    Compiling snarkvm-profiler v0.2.3
[INFO] [stderr]    Compiling once_cell v1.7.2
[INFO] [stderr]    Compiling generic-array v0.14.4
[INFO] [stderr]    Compiling ahash v0.7.4
[INFO] [stderr]    Compiling memoffset v0.6.4
[INFO] [stderr]    Compiling num-traits v0.2.14
[INFO] [stderr]    Compiling rayon v1.5.1
[INFO] [stderr]    Compiling num-integer v0.1.44
[INFO] [stderr]    Compiling num-bigint v0.4.0
[INFO] [stderr]    Compiling getrandom v0.2.3
[INFO] [stderr]    Compiling derivative v2.2.0
[INFO] [stderr]    Compiling crossbeam-utils v0.8.5
[INFO] [stderr]    Compiling rand_core v0.6.2
[INFO] [stderr]    Compiling rand_chacha v0.3.0
[INFO] [stderr]    Compiling rand_xorshift v0.3.0
[INFO] [stderr]    Compiling crossbeam-channel v0.5.1
[INFO] [stderr]    Compiling crossbeam-epoch v0.9.5
[INFO] [stderr]    Compiling rand v0.8.3
[INFO] [stderr]    Compiling hashbrown v0.11.2
[INFO] [stderr]    Compiling crossbeam-deque v0.8.0
[INFO] [stderr]    Compiling snarkvm-utilities v0.2.3
[INFO] [stderr]    Compiling rayon-core v1.9.1
[INFO] [stderr]    Compiling digest v0.9.0
[INFO] [stderr]    Compiling crypto-mac v0.8.0
[INFO] [stderr]    Compiling block-buffer v0.9.0
[INFO] [stderr]    Compiling blake2 v0.9.1
[INFO] [stderr]    Compiling sha2 v0.9.5
[INFO] [stderr]    Compiling snarkvm-fields v0.2.3
[INFO] [stderr]    Compiling snarkvm-curves v0.2.3
[INFO] [stderr]    Compiling snarkvm-r1cs v0.2.3
[INFO] [stderr]    Compiling snarkvm-algorithms v0.2.3
[INFO] [stderr]    Compiling snarkvm-gadgets v0.2.3
[INFO] [stderr]    Compiling snarkvm-nonnative v0.2.3
[INFO] [stderr]    Compiling snarkvm-polycommit v0.2.3
[INFO] [stderr]    Compiling snarkvm-marlin v0.2.2 (/opt/rustwide/workdir)
[INFO] [stdout] error[E0599]: no function or associated item named `new_owned` found for struct `LabeledPolynomial<_>` in the current scope
[INFO] [stdout]    --> src/ahp/matrices.rs:245:33
[INFO] [stdout]     |
[INFO] [stdout] 245 |         row: LabeledPolynomial::new_owned(m_name.clone() + "_row", row, None, None),
[INFO] [stdout]     |                                 ^^^^^^^^^ function or associated item not found in `LabeledPolynomial<_>`
[INFO] [stdout] 
[INFO] [stdout] 
[INFO] [stdout] error[E0599]: no function or associated item named `new_owned` found for struct `LabeledPolynomial<_>` in the current scope
[INFO] [stdout]    --> src/ahp/matrices.rs:246:33
[INFO] [stdout]     |
[INFO] [stdout] 246 |         col: LabeledPolynomial::new_owned(m_name.clone() + "_col", col, None, None),
[INFO] [stdout]     |                                 ^^^^^^^^^ function or associated item not found in `LabeledPolynomial<_>`
[INFO] [stdout] 
[INFO] [stdout] 
[INFO] [stdout] error[E0599]: no function or associated item named `new_owned` found for struct `LabeledPolynomial<_>` in the current scope
[INFO] [stdout]    --> src/ahp/matrices.rs:247:33
[INFO] [stdout]     |
[INFO] [stdout] 247 |         val: LabeledPolynomial::new_owned(m_name.clone() + "_val", val, None, None),
[INFO] [stdout]     |                                 ^^^^^^^^^ function or associated item not found in `LabeledPolynomial<_>`
[INFO] [stdout] 
[INFO] [stdout] 
[INFO] [stdout] error[E0599]: no function or associated item named `new_owned` found for struct `LabeledPolynomial<_>` in the current scope
[INFO] [stdout]    --> src/ahp/matrices.rs:248:37
[INFO] [stdout]     |
[INFO] [stdout] 248 |         row_col: LabeledPolynomial::new_owned(m_name + "_row_col", row_col, None, None),
[INFO] [stdout]     |                                     ^^^^^^^^^ function or associated item not found in `LabeledPolynomial<_>`
[INFO] [stdout] 
[INFO] [stdout] 
[INFO] [stdout] error[E0599]: no function or associated item named `new_owned` found for struct `LabeledPolynomial<_>` in the current scope
[INFO] [stdout]    --> src/ahp/prover/prover.rs:263:36
[INFO] [stdout]     |
[INFO] [stdout] 263 |         let w = LabeledPolynomial::new_owned("w".to_string(), w_poly, None, Some(1));
[INFO] [stdout]     |                                    ^^^^^^^^^ function or associated item not found in `LabeledPolynomial<_>`
[INFO] [stdout] 
[INFO] [stdout] 
[INFO] [stdout] error[E0599]: no function or associated item named `new_owned` found for struct `LabeledPolynomial<_>` in the current scope
[INFO] [stdout]    --> src/ahp/prover/prover.rs:264:38
[INFO] [stdout]     |
[INFO] [stdout] 264 |         let z_a = LabeledPolynomial::new_owned("z_a".to_string(), z_a_poly, None, Some(1));
[INFO] [stdout]     |                                      ^^^^^^^^^ function or associated item not found in `LabeledPolynomial<_>`
[INFO] [stdout] 
[INFO] [stdout] 
[INFO] [stdout] error[E0599]: no function or associated item named `new_owned` found for struct `LabeledPolynomial<_>` in the current scope
[INFO] [stdout]    --> src/ahp/prover/prover.rs:265:38
[INFO] [stdout]     |
[INFO] [stdout] 265 |         let z_b = LabeledPolynomial::new_owned("z_b".to_string(), z_b_poly, None, Some(1));
[INFO] [stdout]     |                                      ^^^^^^^^^ function or associated item not found in `LabeledPolynomial<_>`
[INFO] [stdout] 
[INFO] [stdout] 
[INFO] [stdout] error[E0599]: no function or associated item named `new_owned` found for struct `LabeledPolynomial<_>` in the current scope
[INFO] [stdout]    --> src/ahp/prover/prover.rs:266:44
[INFO] [stdout]     |
[INFO] [stdout] 266 |         let mask_poly = LabeledPolynomial::new_owned("mask_poly".to_string(), mask_poly, None, None);
[INFO] [stdout]     |                                            ^^^^^^^^^ function or associated item not found in `LabeledPolynomial<_>`
[INFO] [stdout] 
[INFO] [stdout] 
[INFO] [stdout] error[E0599]: no function or associated item named `new_owned` found for struct `LabeledPolynomial<_>` in the current scope
[INFO] [stdout]    --> src/ahp/prover/prover.rs:428:35
[INFO] [stdout]     |
[INFO] [stdout] 428 |             t: LabeledPolynomial::new_owned("t".into(), t_poly, None, None),
[INFO] [stdout]     |                                   ^^^^^^^^^ function or associated item not found in `LabeledPolynomial<_>`
[INFO] [stdout] 
[INFO] [stdout] 
[INFO] [stdout] error[E0599]: no function or associated item named `new_owned` found for struct `LabeledPolynomial<_>` in the current scope
[INFO] [stdout]    --> src/ahp/prover/prover.rs:429:37
[INFO] [stdout]     |
[INFO] [stdout] 429 |             g_1: LabeledPolynomial::new_owned("g_1".into(), g_1, Some(domain_h.size() - 2), Some(1)),
[INFO] [stdout]     |                                     ^^^^^^^^^ function or associated item not found in `LabeledPolynomial<_>`
[INFO] [stdout] 
[INFO] [stdout] 
[INFO] [stdout] error[E0599]: no function or associated item named `new_owned` found for struct `LabeledPolynomial<_>` in the current scope
[INFO] [stdout]    --> src/ahp/prover/prover.rs:430:37
[INFO] [stdout]     |
[INFO] [stdout] 430 |             h_1: LabeledPolynomial::new_owned("h_1".into(), h_1, None, None),
[INFO] [stdout]     |                                     ^^^^^^^^^ function or associated item not found in `LabeledPolynomial<_>`
[INFO] [stdout] 
[INFO] [stdout] 
[INFO] [stdout] error[E0599]: no function or associated item named `new_owned` found for struct `LabeledPolynomial<_>` in the current scope
[INFO] [stdout]    --> src/ahp/prover/prover.rs:572:37
[INFO] [stdout]     |
[INFO] [stdout] 572 |             g_2: LabeledPolynomial::new_owned("g_2".to_string(), g_2, Some(domain_k.size() - 2), None),
[INFO] [stdout]     |                                     ^^^^^^^^^ function or associated item not found in `LabeledPolynomial<_>`
[INFO] [stdout] 
[INFO] [stdout] 
[INFO] [stdout] error[E0599]: no function or associated item named `new_owned` found for struct `LabeledPolynomial<_>` in the current scope
[INFO] [stdout]    --> src/ahp/prover/prover.rs:573:37
[INFO] [stdout]     |
[INFO] [stdout] 573 |             h_2: LabeledPolynomial::new_owned("h_2".to_string(), h_2, None, None),
[INFO] [stdout]     |                                     ^^^^^^^^^ function or associated item not found in `LabeledPolynomial<_>`
[INFO] [stdout] 
[INFO] [stdout] 
[INFO] [stdout] error[E0271]: type mismatch resolving `<[closure@src/marlin/marlin.rs:335:18: 335:63] as FnOnce<(((<PC as PolynomialCommitment<F>>::Commitment, String), Option<usize>),)>>::Output == &LabeledCommitment<<PC as PolynomialCommitment<F>>::Commitment>`
[INFO] [stdout]    --> src/marlin/marlin.rs:354:39
[INFO] [stdout]     |
[INFO] [stdout] 354 |         let evaluations_are_correct = PC::check_combinations(
[INFO] [stdout]     |                                       ^^^^^^^^^^^^^^^^^^^^^^ expected reference, found struct `LabeledCommitment`
[INFO] [stdout]     |
[INFO] [stdout]     = note: expected reference `&LabeledCommitment<<PC as PolynomialCommitment<F>>::Commitment>`
[INFO] [stdout]                   found struct `LabeledCommitment<<PC as PolynomialCommitment<F>>::Commitment>`
[INFO] [stdout]     = note: required because of the requirements on the impl of `Iterator` for `std::iter::Map<std::iter::Zip<std::iter::Zip<std::iter::Cloned<std::iter::Chain<std::iter::Chain<std::iter::Chain<impl Iterator, std::slice::Iter<'_, <PC as PolynomialCommitment<F>>::Commitment>>, std::slice::Iter<'_, <PC as PolynomialCommitment<F>>::Commitment>>, std::slice::Iter<'_, <PC as PolynomialCommitment<F>>::Commitment>>>, impl Iterator>, std::iter::Chain<std::iter::Chain<std::iter::Chain<std::vec::IntoIter<Option<usize>>, impl Iterator>, impl Iterator>, impl Iterator>>, [closure@src/marlin/marlin.rs:335:18: 335:63]>`
[INFO] [stdout]     = note: required by `check_combinations`
[INFO] [stdout] 
[INFO] [stdout] 
[INFO] [stdout] error: aborting due to 14 previous errors
[INFO] [stdout] 
[INFO] [stdout] 
[INFO] [stdout] Some errors have detailed explanations: E0271, E0599.
[INFO] [stdout] 
[INFO] [stdout] For more information about an error, try `rustc --explain E0271`.
[INFO] [stdout] 
[INFO] [stderr] error: could not compile `snarkvm-marlin`
[INFO] [stderr] 
[INFO] [stderr] To learn more, run the command again with --verbose.
[INFO] running `Command { std: "docker" "inspect" "f042a21c9eb9c425f77e459ccc7ef2f11e48fb994f477414d651ff2700c1c1e0", kill_on_drop: false }`
[INFO] running `Command { std: "docker" "rm" "-f" "f042a21c9eb9c425f77e459ccc7ef2f11e48fb994f477414d651ff2700c1c1e0", kill_on_drop: false }`
[INFO] [stdout] f042a21c9eb9c425f77e459ccc7ef2f11e48fb994f477414d651ff2700c1c1e0
